What is the millions digit of 9786625?
9
What is the ten thousands digit of 454762?
5
What is the ten millions digit of 10399235?
1
What is the ten thousands digit of 468545?
6
What is the ten thousands digit of 1425268?
2
What is the tens digit of 631203?
0
What is the ten thousands digit of 183391?
8
What is the tens digit of 7519233?
3
What is the ten thousands digit of 189950?
8
What is the thousands digit of 2929639?
9
What is the thousands digit of 271144?
1
What is the thousands digit of 218004?
8
What is the tens digit of 182867?
6
What is the ten thousands digit of 10529588?
2
What is the ten thousands digit of 5834389?
3
What is the tens digit of 1026966?
6
What is the thousands digit of 1677923?
7
What is the units digit of 6450220?
0
What is the millions digit of 2514497?
2
What is the tens digit of 3283084?
8
What is the units digit of 6713?
3
What is the thousands digit of 3625182?
5
What is the thousands digit of 349424?
9
What is the ten thousands digit of 10433462?
3
What is the millions digit of 1675876?
1
What is the hundreds digit of 945793?
7
What is the hundreds digit of 982418?
4
What is the millions digit of 9581843?
9
What is the ten thousands digit of 1831844?
3
What is the thousands digit of 280439?
0
What is the hundred thousands digit of 1419181?
4
What is the millions digit of 20967011?
0
What is the tens digit of 5730169?
6
What is the hundreds digit of 243258?
2
What is the ten millions digit of 11363004?
1
What is the thousands digit of 387823?
7
What is the hundred thousands digit of 191808?
1
What is the hundred thousands digit of 6668701?
6
What is the ten thousands digit of 585506?
8
What is the units digit of 700196?
6
What is the units digit of 552669?
9
What is the millions digit of 20092754?
0
What is the ten thousands digit of 422978?
2
What is the tens digit of 843716?
1
What is the tens digit of 1707900?
0
What is the hundreds digit of 17402180?
1
What is the hundreds digit of 3074185?
1
What is the ten millions digit of 29972867?
2
What is the units digit of 4255219?
9
What is the ten thousands digit of 24772391?
7
What is the thousands digit of 349361?
9
What is the ten thousands digit of 673070?
7
What is the thousands digit of 675227?
5
What is the millions digit of 6689338?
6
What is the hundreds digit of 29277891?
8
What is the units digit of 253407?
7
What is the units digit of 5056837?
7
What is the hundred thousands digit of 7547140?
5
What is the ten thousands digit of 508445?
0
What is the ten thousands digit of 3807640?
0
What is the tens digit of 892202?
0
What is the units digit of 32258?
8
What is the thousands digit of 757292?
7
What is the thousands digit of 910499?
0
What is the thousands digit of 2145110?
5
What is the millions digit of 3321432?
3
What is the thousands digit of 1915448?
5
What is the tens digit of 2479326?
2
What is the hundreds digit of 14549553?
5
What is the hundreds digit of 105637?
6
What is the units digit of 127509?
9
What is the millions digit of 1262403?
1
What is the thousands digit of 1257995?
7
What is the thousands digit of 504299?
4
What is the millions digit of 2374078?
2
What is the ten thousands digit of 1388486?
8
What is the ten thousands digit of 3742901?
4
What is the units digit of 183664?
4
What is the hundred thousands digit of 2215537?
2
What is the thousands digit of 836450?
6
What is the ten thousands digit of 7385801?
8
What is the tens digit of 313750?
5
What is the ten thousands digit of 33987?
3
What is the units digit of 532?
2
What is the ten thousands digit of 882568?
8
What is the thousands digit of 178226?
8
What is the units digit of 129318?
8
What is the thousands digit of 16564?
6
What is the thousands digit of 17809282?
9
What is the hundred thousands digit of 549102?
5
What is the hundreds digit of 8761808?
8
What is the thousands digit of 797173?
7
What is the units digit of 274306?
6
What is the units digit of 74788?
8
What is the ten thousands digit of 7337902?
3
What is the ten thousands digit of 1441791?
4
What is the hundred thousands digit of 6803900?
8
What is the units digit of 1258467?
7
What is the tens digit of 739149?
4
What is the ten thousands digit of 5589705?
8
What is the hundred thousands digit of 11351656?
3
What is the ten thousands digit of 5189804?
8
What is the units digit of 662913?
3
What is the thousands digit of 115850?
5
What is the hundred thousands digit of 458344?
4
What is the ten thousands digit of 486832?
8
What is the tens digit of 386149?
4
What is the tens digit of 8062773?
7
What is the millions digit of 1469926?
1
What is the hundreds digit of 586414?
4
What is the hundreds digit of 1321826?
8
What is the hundreds digit of 4132317?
3
What is the units digit of 487311?
1
What is the tens digit of 82685?
8
What is the units digit of 432575?
5
What is the millions digit of 8821458?
8
What is the hundreds digit of 16461041?
0
What is the tens digit of 5472?
7
What is the thousands digit of 1100365?
0
What is the hundred thousands digit of 244247?
2
What is the hundred thousands digit of 857660?
8
What is the ten thousands digit of 215086?
1
What is the hundreds digit of 38623?
6
What is the hundred thousands digit of 1261548?
2
What is the hundred thousands digit of 125825?
1
What is the ten thousands digit of 5530119?
3
What is the hundred thousands digit of 1294089?
2
What is the thousands digit of 887375?
7
What is the hundreds digit of 48247?
2
What is the hundreds digit of 7261344?
3
What is the thousands digit of 3731031?
1
What is the millions digit of 27291300?
7
What is the tens digit of 1205790?
9
What is the millions digit of 1099303?
1
What is the hundreds digit of 26164319?
3
What is the thousands digit of 3624534?
4
What is the tens digit of 232845?
4
What is the ten thousands digit of 73720?
7
What is the ten thousands digit of 92379?
9
What is the thousands digit of 12684491?
4
What is the hundreds digit of 314483?
4
What is the thousands digit of 4678704?
8
What is the tens digit of 203162?
6
What is the millions digit of 2277987?
2
What is the ten thousands digit of 1934814?
3
What is the units digit of 108291?
1
What is the millions digit of 22561292?
2
What is the tens digit of 107897?
9
What is the hundred thousands digit of 1428692?
4
What is the ten thousands digit of 966435?
6
What is the hundreds digit of 26744?
7
What is the ten thousands digit of 83873?
8
What is the millions digit of 37065853?
7
What is the hundreds digit of 7129941?
9
What is the ten thousands digit of 2516139?
1
What is the tens digit of 826411?
1
What is the hundred thousands digit of 4414304?
4
What is the ten thousands digit of 275568?
7
What is the ten millions digit of 22233453?
2
What is the hundreds digit of 289081?
0
What is the ten thousands digit of 322000?
2
What is the hundred thousands digit of 189407?
1
What is the ten thousands digit of 7200427?
0
What is the tens digit of 129546?
4
What is the units digit of 3538173?
3
What is the tens digit of 7321569?
6
What is the units digit of 147459?
9
What is the hundred thousands digit of 18333483?
3
What is the units digit of 11848442?
2
What is the millions digit of 1269851?
1
What is the hundred thousands digit of 5874945?
8
What is the units digit of 292576?
6
What is the tens digit of 7159762?
6
What is the millions digit of 23756199?
3
What is the ten thousands digit of 96309?
9
What is the hundred thousands digit of 704273?
7
What is the ten thousands digit of 2475304?
7
What is the hundred thousands digit of 1225450?
2
What is the tens digit of 106266?
6
What is the thousands digit of 255509?
5
What is the millions digit of 1163287?
1
What is the tens digit of 5397103?
0
What is the tens digit of 1023590?
9
What is the ten thousands digit of 26207263?
0
What is the hundreds digit of 258790?
7
What is the thousands digit of 729167?
9
What is the millions digit of 2795995?
2
What is the tens digit of 1114213?
1
What is the ten thousands digit of 103470?
0
What is the hundreds digit of 525171?
1
What is the tens digit of 3451380?
8
What is the tens digit of 464880?
8
What is the hundreds digit of 147510?
5
What is the tens digit of 11806572?
7
What is the hundred thousands digit of 385025?
3
What is the tens digit of 462133?
3